+ 4*z = 8. Determine t(a).
-2
Let k(v) be the first derivative of v**4/4 + v**3 + v**2/2 - v - 3. Calculate k(-2).
1
Let l(a) = -a**3 + 2*a**2 + a - 2. Suppose 2*d - 9 = -3*d + 2*k, -2*k - 4 = 0. Let m(w) = -w + 10. Let x be m(9). Let r = d + x. Calculate l(r).
0
Suppose 20 - 4 = -4*o. Let k be (o/(-6))/((-10)/75). Let w(t) = -t**3 - 4*t**2 + 6*t + 6. What is w(k)?
1
Let l(z) be the second derivative of z**7/2520 + z**6/180 - z**5/40 - z**4/3 + 3*z. Let s(q) be the third derivative of l(q). Determine s(-5).
2
Suppose o + 0 = 3. Let n(z) = 4 + 4*z**2 - 6 - 3*z - o*z**2. Determine n(3).
-2
Let w be 2/7 + (-12)/42. Let y(g) = g**2 - 11. Give y(w).
-11
Let k(u) = -u**2 + 2*u. Let z be k(2). Let b(w) = w + 4. Let v(q) = -1. Let y(j) = b(j) + 5*v(j). Calculate y(z).
-1
Let j = -133 + 133. Let c(y) = y**3 + y**2 + y - 9. Calculate c(j).
-9
Suppose -3*q - 11 = -q - 5*r, -3*q - 14 = -5*r. Suppose -5*u + 6*p + 13 = 3*p, 4*u - 5 = -3*p. Let n(l) = -12*l**u + 4*l**2 + 9*l**2 - 4. Determine n(q).
5
Let n = -8 + 5. Let d(k) = -5*k**2 + 10*k + 10. Let f(s) = -4*s**2 + 9*s + 9. Let r(g) = -5*d(g) + 6*f(g). Calculate r(n).
1
Let z(c) = 20*c + 17. Let p(k) = -7*k - 6. Let h(i) = 17*p(i) + 6*z(i). Let u = 5 - 5. Determine h(u).
0
Let x(g) = 1. Let u(o) = 2*o - 1. Let c(q) = -u(q) - 5*x(q). Let r(n) = -5*n - 11. Let a(j) = 8*c(j) - 3*r(j). Suppose 0 = -5*s + 23 + 7. Give a(s).
-5
Let q(l) be the first derivative of 15*l**4/4 - l**3/3 - 4. Determine q(1).
14
Let m(z) = z**2 - 6*z + 5. Let i be 3*(-3 + 52/12). Suppose s = 2, 2*s = -i*x - 9 + 33. What is m(x)?
0
Let g(a) be the third derivative of -3*a**2 + 1/120*a**6 + 0*a + 1/12*a**4 - 1/6*a**3 + 0 - 1/30*a**5. Give g(1).
0
Let m(w) = w + 1. Suppose -2*g - 4*k = -g - 14, 10 = 3*g + 4*k. Let l be m(g). Let u(y) = 3*y**3 + 2*y + 1. Give u(l).
-4
Suppose -7*u + 2*u = -f + 23, -5*u = -4*f + 32. Let i(s) = 3*s**2 - s + 3. Let c(x) = -16*x**2 + 4*x - 16. Let w(h) = 2*c(h) + 11*i(h). What is w(f)?
1
Let v(r) = r**3 - 6*r**2 - r + 8. Let n be 2 + 2 + -1 + 0. Let u be (-4)/(8/(-6)) + n. Give v(u).
2
Let c(g) be the first derivative of 1/2*g**2 - 10*g + 2. What is c(0)?
-10
Let d = -5 + 10. Let p(c) be the second derivative of c**3/6 - c**2 - c. Let f be p(d). Let q(m) = -m**3 + 4*m**2 - m + 1. Give q(f).
7
Let g = -3 - 5. Let h(i) = i**2 + 10*i + 7. Calculate h(g).
-9
Suppose -2*s - 10 = -4*q + q, q - 4*s = 10. Suppose 3*d = q*d. Let i(v) = -v**3 - v**2 + v - 5. What is i(d)?
-5
Let h(x) = -x**2 - x + 5. Let v(z) = -z**2 + 10*z + 8. Let u be v(10). Let g be 1/(-2*1/u). Give h(g).
-7
Let d(x) = 0*x**2 - 5 + 5 + 2 - x**2 - 7*x. Determine d(-6).
8
Suppose s + 480 = 5*s. Suppose -5*u = -2*l + l - 120, 5*l - s = -5*u. Suppose 2*h = -g - 11, -3*g + 7*g = -3*h - u. Let p(m) = -2*m - 1. Determine p(g).
5
Let a(p) = -p + 11. Let o(g) = 2*g - 22. Let x(n) = -7*a(n) - 3*o(n). Give x(0).
-11
Let k = -8 + 5. Let d(n) = -7*n**2 - 2*n**3 - n + 4*n**2 + n**3. Calculate d(k).
3
Let g(j) = j**3 - 3*j**2 + j - 1. Let i be g(3). Suppose -i*w + 5 = -7*w. Let p(r) = -11*r**2 + r + 1. Determine p(w).
-11
Let o(s) = -s - 1. Let z(y) = 6*y - 2. Let a be z(5). Let q = -41 + 37. Let f be a/10 - q/20. Give o(f).
-4
Let r = 4 + -4. Suppose r = i + 4*i, -9 = -3*a + 3*i. Let n(m) be the third derivative of m**6/120 - m**5/15 + m**4/6 - m**3/3 + m**2. Give n(a).
1
Let m be 3/6 + (-1)/2. Let j(y) = 5*y**3 + 3*y**2 - 6*y + m*y**3 - 4*y**3 + y**2. Give j(-5).
5
Let n(o) = o**3 + 4*o**2 + 2*o - 2. Let p be -4*((-15)/(-6) - 0). Let d = p + 8. Determine n(d).
2
Let v(w) = 4*w - 11. Let l be (10 + -11)/(2/(-10)). Let c(t) = 3*t - 11. Let j(d) = l*c(d) - 4*v(d). Let b(y) = -y**2 + 6*y. Let z be b(6). Give j(z).
-11
Let a(q) = q + 4. Let f be (27/6)/(1/(-2)). Let x = 6 + f. Determine a(x).
1
Let u = 2 - 0. Let j(w) = -w + 6. Let k be j(5). Let n(o) = 1 + 0 - 3*o**2 + k - o**2 + o**3. Determine n(u).
-6
Let m(x) = -x**2 + 7*x - 7. Let o be m(6). Let j(i) be the third derivative of 2*i**2 + 7/24*i**4 + 1/6*i**3 + 0 + 0*i. Calculate j(o).
-6
Let a(y) = y**2 + y + 11. Let c(h) = -2*h + 10. Let p be c(5). Give a(p).
11
Suppose -17 - 8 = -5*m. Let s(x) be the first derivative of x**4/12 - x**3 + 3*x + 3. Let z(k) be the first derivative of s(k). What is z(m)?
-5
Let x = 1 - 3. Suppose 2*d - 4*d + 2 = 0. Let q(j) = 3*j - d + j + 4. Calculate q(x).
-5
Let a = 4 + -3. Let s = a - 0. Let i(j) = j**2 - 4*j**2 - j**2 + 2*j**2 - s. Calculate i(1).
-3
Let o(c) = -4*c. Let h(p) = 7*p + 1. Let m(s) = -6*h(s) - 10*o(s). Determine m(-6).
6
Let m be -1 - (6*-1 + 0). Let t(u) be the third derivative of -1/12*u**5 - 7/6*u**3 + 1/8*u**4 + 0*u - u**2 + 1/120*u**6 + 0. Calculate t(m).
8
Let a(b) = 2*b + 5. Let c(i) = -i**2 + 19*i - 24. Let x be c(18). Determine a(x).
-7
Let j(n) = -n**3 - 3 - 8*n**2 + 2 + 6 - 7*n. Suppose -2*i - 23 = 3*l, -4*i + 2*l = 18 + 4. Let d be j(i). Let h(x) = x**2 - 4*x + 1. What is h(d)?
6
Let s(p) be the second derivative of -p**4/12 + 7*p**3/6 - 3*p**2 + p. Suppose -5*u - 4*m + 40 = 0, 2*m - 45 = -5*u - 15. Calculate s(u).
6
Let h(z) = -z**3 - 3 - 18*z**2 - 10*z**2 + 24*z**2 - 3*z. Calculate h(-4).
9
Suppose -2*l + 4*l + 4 = 0. Let k(h) = -4*h - 3. Determine k(l).
5
Suppose 5*o - 2*p - 18 = 0, -5*o - 5*p + 2*p = 2. Let q(t) = o - t + 2*t - 2*t**2 + 0*t + 3*t**2. Calculate q(-2).
4
Suppose -m - 5 = 3*d, 3*m + 5*d - 5 = -2*m. Let i(l) be the first derivative of l + 2 - 1/2*l**2. Calculate i(m).
-3
Let h(r) = -r. Let o(q) = -q**2 + 16*q - 21. Let m be o(14). Give h(m).
-7
Let d(n) = -2 + n - 3*n + 4. Let k = -15 + 20. Calculate d(k).
-8
Let m(z) be the third derivative of -z**5/60 - 7*z**4/24 + z**3/2 - 7*z**2. Give m(-6).
9
Let y(w) = w**2 + 2*w + 2. Let p be 12/(-2)*(-2)/4. Suppose 4*a - 3*a - p = 0. Suppose 0 = -q - a. Calculate y(q).
5
Let d = -63 + 65. Let m(i) = 2*i**2 - 2*i - 2. What is m(d)?
2
Let w be -3*(-3)/(4 - -5). Let z(s) = -4*s**2 - s + 1. Determine z(w).
-4
Let q(i) = i**2 + i - 6. Let r(c) = c**2 - 5. Let j(h) = -4*q(h) + 5*r(h). Calculate j(3).
-4
Let o(i) be the second derivative of i**4/12 + 5*i**3/6 + i. What is o(-5)?
0
Let c = 11 - 7. Let d(a) = -3*a + 32. Let o be d(13). Let z(h) = -4*h**2 - 6*h - 10. Let v(x) = -3*x**2 - 4*x - 7. Let n(w) = o*v(w) + 5*z(w). What is n(c)?
7
Let o(n) = -10*n**3 + n**2 + n - 1. Let u(l) = -l**3 - 9*l**2 + 20*l - 21. Let p be u(-11). Give o(p).
-9
Let k(n) = n**3 + 6*n**2 - 2*n + 1. Let o = 8 + -14. Calculate k(o).
13
Suppose -4*u + 4 = r, -2*u + 0*u = -4. Let o(l) be the third derivative of -l**5/60 - l**4/12 - 2*l**3/3 - l**2. Give o(r).
-12
Let q be (-2 - 1) + 1 + 7. Suppose -q*k = -12 - 8. Let v(s) = -s**2 + 6*s - 5. Calculate v(k).
3
Let b(u) = u**3 - 4*u**2 + 2*u + 2. Let q = -6 + 9. What is b(q)?
-1
Let i(a) be the first derivative of -a**6/120 + a**5/12 - a**4/12 + a**3 + 7*a**2/2 + 5. Let x(m) be the second derivative of i(m). Calculate x(5).
-4
Let c be 28/35 - (-2)/10. Let g be (-1 + 0 + 11)/1. Let m(j) = -g + 10 + 3*j. What is m(c)?
3
Let h(o) = 0*o + o + o**2 + 1 - 2*o + 0*o. Let d(z) = -7*z - 5. Let g(l) = -15*l - 10. Let v(k) = -7*d(k) + 3*g(k). Let x(t) = h(t) - v(t). Calculate x(5).
-4
Let l be 1 + 2*(-2 - 0). Let d(k) be the third derivative of k**7/2520 - k**6/360 - 3*k**5/20 + 5*k**2. Let c(g) be the third derivative of d(g). Give c(l).
-8
Let y(r) = r**2 - 13*r + 3. Let j be y(5). Let q be j/7 + (-4)/(-14). Let l(v) = -v**2 - 3*v. Determine l(q).
-10
Let t be (-1)/4 + (-6)/8. Let d(x) be the third derivative of 7*x**6/720 + x**5/120 - x**4/12 + 2*x**2. Let b(q) be the second derivative of d(q). What is b(t)?
-6
Let a(m) = 38*m**2 - 5*m + 8. Let u(g) = -25*g**2 + 3*g - 5. Let d(p) = -5*a(p) - 8*u(p). Determine d(1).
11
Let s(k) be the first derivative of -k**2 + k + 10. Determine s(2).
-3
Let c(g) = 2*g - 1. Let y = -29 + 25. Determine c(y).
-9
Let n(z) = 3 - 94*z + 88*z + 0. What is n(3)?
-15
Let h(x) = 0 + 1 - 4 - 4*x. Let w(d) = -3*d - 2. Let v(y) = 4*h(y) - 6*w(y). Suppose 6 = -3*j + 3*m, -20 = -2*j + m - 5*m. Give v(j).
4
Let x(s) = -s. Let p = 50 + -53. What is x(p)?
3
Let k(x) = -x**2 + x - 6. Suppose c = -3, 2*i - 5*c - 7 - 12 = 0. Let a = i - 3. Let p = a - -1. Calculate k(p).
-6
Let j(b) = -b**3 - 2*b**2. Let v be (-18)/(-9) - (2 - -2). What is j(v)?
0
Let j(w) = 8*w**2 -